 = 0. What is the tens digit of h(r)?
2
Let w be ((-8)/(-16))/(-2*(-1)/(-8)). Let p = 5 + w. Suppose -p*s = -s + 4*o - 142, 0 = -s + 4*o + 77. What is the units digit of s?
3
Let y = -149 - -9. What is the tens digit of (1794/(-5))/(56/y)?
9
Let i(a) = -2*a**2 + 5*a - 2. Let k be i(1). What is the tens digit of ((-6 - -5)*4 - k) + 437?
3
Let s = -483 - -5935. What is the tens digit of s?
5
Let b = -47 + 52. Suppose -3*m + 6 = 4*o - 2, o = -b*m - 15. Let f = m - -38. What is the units digit of f?
4
Let m = 137 - 194. What is the units digit of (-23130)/(-114) - 6/m?
3
What is the hundreds digit of (14/42)/(15/634320)?
0
Suppose -2*l - 11095 = -c, 14*c + 2*l = 12*c + 22172. What is the units digit of c?
9
Let j be (-9 + (5 - -2))/(-1). Suppose r = -j*r + 2907. What is the hundreds digit of r?
9
Let f = -9650 - -11721. What is the units digit of f?
1
Let c = 13244 + -2488. What is the ten thousands digit of c?
1
Let l be (24 - 25) + 3*1. Let w(t) = 47*t**3 + t**2 - 5*t + 8. What is the tens digit of w(l)?
7
Let b(m) = 10*m**3 + 11*m**2 + 20*m + 102. Let w(s) = -21*s**3 - 23*s**2 - 39*s - 204. Let n(a) = -13*b(a) - 6*w(a). What is the hundreds digit of n(-8)?
8
What is the hundreds digit of (4 + 0 - ((-1326)/(-18))/17)*-6513?
1
Suppose 16*g - 749 - 419 = 0. Suppose -63*a + g*a - 8050 = 0. What is the tens digit of a?
0
Let k = 1531 - 1094. What is the hundreds digit of k?
4
Suppose -b = -97 + 29. Let a = -66 + b. Let q(l) = 34*l**3 - 2*l**2 + 2*l - 1. What is the units digit of q(a)?
7
Let o(s) = 1748*s + 3610. What is the tens digit of o(16)?
7
What is the hundreds digit of (738/8 + -1)/((-561)/(-2244))?
3
Let a be -5 - (24/8 + -11). Suppose i - 835 = -i - 5*f, -f + a = 0. What is the hundreds digit of i?
4
Suppose -4*u - u + 5*k + 1670 = 0, 4*k + 1001 = 3*u. Suppose -j = 5*h - u, 2*j + 0*j - 670 = 2*h. Suppose 0 = -2*y + 7*y - j. What is the units digit of y?
7
Let r = -7669 + 8054. What is the units digit of r?
5
Let p(d) = -2*d + 2. Let w be p(-10). Suppose -12*r + w = -r. Suppose -4*t - 32 = -4*v, -r*v - 3*v - 4*t + 58 = 0. What is the units digit of v?
0
Let l = -1071 - -1073. Suppose 2*z - 2*n = -2, -3*n = -5*n + 10. Suppose c - l = z. What is the units digit of c?
6
Let w = 45628 - 22451. What is the hundreds digit of w?
1
Let x(i) be the first derivative of -i**2/2 - 14*i + 11. Let f be x(-18). What is the tens digit of 1/f - (-1595)/20?
8
Suppose 2*y = -0*y + 18. Let w(q) = 3*q - 10. Let m be w(y). Let b(j) = -j**2 + 19*j + 15. What is the tens digit of b(m)?
4
Suppose a + 4*a + 5*f = 0, -3*f = -3*a + 24. Suppose 5*z = 4*p - 113, -z = 5*p - a*z - 125. What is the tens digit of (2*22)/(p/55)?
1
Let t = 63 - 21. Suppose 5*m = t - 32. Suppose -39 = -a + m*f + f, -2*a = -f - 58. What is the units digit of a?
7
Let b be 434/105 + (-14)/105. Suppose -k + 968 = -b*h, 0 = 5*k + 4*h - 1174 - 3618. What is the hundreds digit of k?
9
Let j = -3 - -3. Let s(o) = -o**3 + 7*o - 1. Let m be s(-3). Suppose 3*p + 5 = 2, -4*z - m*p + 55 = j. What is the tens digit of z?
1
Let c = 29751 - 12875. What is the units digit of c?
6
Let m = 4110 - -1438. What is the hundreds digit of m?
5
Suppose -256*d + 268*d - 230964 = 0. What is the units digit of d?
7
Let u = -87551 - -162275. What is the hundreds digit of u?
7
Suppose -3*r = -1 - 8, -4*b + 33908 = 4*r. What is the thousands digit of b?
8
Suppose -91*t = -64*t - 81. Suppose 4*a = -t*w + 6617, -2*a + 5*w - 582 = -3923. What is the hundreds digit of a?
6
Suppose -108*r + 104180 = 107*r - 195*r. What is the hundreds digit of r?
2
Let u(f) = -25 - 2*f + 59 + 32. Suppose -28*d + 60*d = 29*d. What is the units digit of u(d)?
6
Let x be -2 + 0 + -2 + -6 + 4. Let g be (4/x + 0)/(2/18). Let o(s) = 5*s**2 + 11*s - 4. What is the hundreds digit of o(g)?
1
Let n be (-9 + 3)*2/(-3). Suppose 4*x - 2*u = 1404, 6*u = n*u + 4. What is the hundreds digit of x?
3
Let f = 4870 - 3970. What is the units digit of f?
0
Suppose -4*j + 12 = -8. Suppose 0 = 5*t - u - 30, 15 + 5 = -t - j*u. Suppose s + 1 = -c, -s = s + t*c + 11. What is the units digit of s?
2
Let z = 533 + -535. What is the hundreds digit of ((-957)/12 + z)/(6/(-16))?
2
Let b be (-2)/(-12) + (4 - 5/30). Suppose -b*z + 623 = c, 4*c - 451 = -2*z - z. What is the hundreds digit of z?
1
Let y = 45533 - 11792. What is the units digit of y?
1
Let k = -72 - -156. Suppose -k = -12*p + 16*p. What is the units digit of (1 + 5)*p/(-9)?
4
Let y(f) = 7620*f - 473. What is the thousands digit of y(3)?
2
Let d = -86 + 36. Let w = -46 - d. What is the tens digit of 1/w*-2*-260?
3
Let o be (-3395)/(-2) - 5/10. Suppose 3*f - 4*t = o, 0 = -0*f - f + t + 567. Suppose -5*x - n = -f, -x = 3*x + 4*n - 460. What is the hundreds digit of x?
1
Let h be ((-4)/(-12))/((-1)/3) + 1. Suppose 3*c = -h - 6. What is the tens digit of ((-3864)/105)/(c/5)?
9
Suppose -3*i + 49493 = 2*t, -4*i + 29825 + 36160 = -3*t. What is the units digit of i?
7
Let a(x) = 95*x**2 + 119*x - 363. What is the thousands digit of a(22)?
8
What is the tens digit of ((-2)/7)/(298/(-6801403))?
2
Let p = -61 - -66. Suppose p*a + l = 51, -32 = -3*a - 3*l + l. What is the units digit of a?
0
Suppose -165*b + 2113456 + 857615 = 42*b. What is the units digit of b?
3
Let y = 25170 - 10711. What is the hundreds digit of y?
4
What is the units digit of (375/(-10))/3*-4054 + 0?
5
Suppose 3*v - 153401 = -4*c, -65*v - 4*c = -59*v - 306770. What is the hundreds digit of v?
1
Let q(i) = -i**3 + 16*i**2 - 7*i - 21. Let v(s) = 6*s - 76. Let z be v(15). What is the tens digit of q(z)?
7
Suppose 4*j - 2*j - 3*c = -912, c - 1844 = 4*j. Let n = -105 - j. What is the tens digit of n?
5
Let d(o) = o. Let k be d(2). Suppose 0 = 2*t + v + v - 42, -3*t - k*v = -62. Suppose -g - 5 = -t. What is the units digit of g?
5
Let v(d) = -d**2 - 2*d + 27. Let r be v(-6). What is the tens digit of (125 - -2 - -6) + r?
3
Let s(a) = 37 + 12*a + 19*a**2 + a**3 + 8 + 1 + 9. What is the tens digit of s(-18)?
6
Suppose -993*u + 75166 = -986*u. Suppose -5*y - 2833 = -u. What is the hundreds digit of y?
5
Let m = -73356 - -105957. What is the hundreds digit of m?
6
Suppose 2*z - 4 - 22 = -4*s, 4*z + 13 = 5*s. Let a(p) = -p**2 + 6*p + 5. Let r be a(5). Suppose -z*m + r = -m - 2*f, 6 = 2*f. What is the units digit of m?
8
Let l(k) be the second derivative of 7*k**6/80 - k**5/30 + 8*k**4/3 + 20*k. Let c(g) be the third derivative of l(g). What is the tens digit of c(1)?
5
Suppose -3*v = -16878 - 1959. Suppose 6*y = v - 1497. What is the hundreds digit of y?
7
Suppose 2*i - 18116 = -2*m + 18154, 0 = 2*m - 20*i - 36402. What is the hundreds digit of m?
1
What is the hundreds digit of ((-11631)/(-12))/((-20)/(-160))?
7
Let d = 12822 - 2321. What is the tens digit of d?
0
Let a be (-5)/15 - (-6)/(18/5161). Suppose 1892 = 12*j - a. What is the units digit of j?
1
Suppose 0 = -3*k - 4*g + 1709, -2*k - 3*g = -394 - 745. Suppose -4*q - k = 1037. Let n = -266 - q. What is the units digit of n?
6
Suppose s + 50279 = 3*r, -16*s + 19*s - 83775 = -5*r. What is the units digit of r?
8
Suppose 0 = -m + 18 - 13. Suppose g + 3*k - 591 = 6*k, -m*g + 3*k = -2979. What is the hundreds digit of g?
5
Let i(o) = -17*o + 13. Let d(x) = 18*x - 15. Let h(c) = -5*d(c) - 6*i(c). Suppose -2*k = -3*l + 25, 3*k - 8*k - 35 = -2*l. What is the units digit of h(l)?
7
Let c = -501 - -492. What is the units digit of c/(((-4)/16)/((-13)/(-2)))?
4
Let q(b) = -4*b**2 + 634. Let w be q(0). Let g = 1006 - w. What is the units digit of g?
2
Suppose 3*p - 557 = 5*m, 5*p - 907 = 4*m - m. Let a = p - 79. Let v = -51 + a. What is the units digit of v?
9
Suppose 172*o + 72*o - 4647947 = -1599411. What is the ten thousands digit of o?
1
Let q be 2/15 + 1708/(-210). Let p(c) = 2*c**2 + 11*c - 33. What is the units digit of p(q)?
7
Let y(s) = 24*s**2 - s - 2*s - 42*s**2 - 6*s + 16*s**2 - s**3 - 19. Suppose -z = z + 10. What is the hundreds digit of y(z)?
1
Let g(v) = v**3 - 5*v**2 - 11*v + 10. Let y be g(6). Let k(f) = -67*f + 68. What is the thousands digit of k(y)?
1
Let f = 11813 + 3560. What is the tens digit of f?
7
Suppose -j + 3*p = -3*j, 5*p + 25 = 5*j. Suppose -a + 3*a + i = 330, j*i + 486 = 3*a. What is the hundreds digit of a?
1
Let r(g) = g + 1. Let c(v) = 29*v - 48. Let q(h) = c(h) + 3*r(h). What is t